t common divisor of 1695636 and 1026?
342
Calculate the greatest common divisor of 17024 and 700.
28
Calculate the greatest common divisor of 22847 and 186527.
341
What is the highest common divisor of 540 and 1165140?
180
Calculate the highest common divisor of 9797 and 873.
97
Calculate the highest common factor of 1736 and 568.
8
What is the greatest common divisor of 304 and 23028?
76
What is the highest common factor of 15834 and 6902?
406
Calculate the greatest common divisor of 515096 and 4288.
536
Calculate the highest common factor of 210 and 11886.
42
What is the highest common factor of 147084 and 1088?
68
Calculate the highest common factor of 16275 and 40.
5
What is the greatest common factor of 4653 and 35541?
99
What is the highest common divisor of 490 and 1435?
35
What is the greatest common divisor of 9835 and 360523?
281
Calculate the highest common factor of 21 and 118083.
21
What is the highest common divisor of 178047 and 4599?
657
What is the highest common factor of 1466205 and 117?
39
Calculate the greatest common factor of 1603 and 56.
7
Calculate the greatest common factor of 5 and 1815.
5
What is the greatest common divisor of 465 and 306528?
93
Calculate the greatest common divisor of 1434 and 402.
6
What is the highest common divisor of 21972 and 100?
4
What is the highest common divisor of 20 and 29650?
10
What is the greatest common divisor of 1235948 and 37?
37
What is the greatest common divisor of 21 and 41188?
7
Calculate the greatest common factor of 75 and 1234350.
75
Calculate the highest common factor of 99 and 2761.
11
What is the highest common divisor of 126 and 270984?
42
What is the highest common factor of 6880 and 90?
10
What is the highest common divisor of 28712 and 31816?
776
Calculate the greatest common factor of 139902 and 14.
14
Calculate the highest common factor of 1830 and 140730.
30
What is the highest common divisor of 4 and 12060?
4
What is the greatest common factor of 1680 and 1221240?
120
What is the highest common divisor of 7908 and 6348?
12
Calculate the greatest common divisor of 312831 and 45.
9
What is the highest common factor of 234360 and 4480?
280
What is the greatest common divisor of 3955 and 25425?
565
Calculate the highest common divisor of 2644 and 871859.
661
What is the greatest common factor of 102 and 2619717?
51
What is the highest common factor of 1604 and 1856630?
802
What is the greatest common factor of 50270 and 880?
110
Calculate the greatest common factor of 129168 and 13.
13
What is the greatest common divisor of 993989 and 1529?
139
Calculate the greatest common factor of 730 and 6214490.
730
Calculate the greatest common factor of 4742626 and 119.
119
Calculate the greatest common factor of 1814234 and 38.
38
Calculate the greatest common factor of 215400 and 3231.
1077
Calculate the greatest common factor of 5865 and 1290.
15
Calculate the greatest common factor of 2740215 and 15.
15
Calculate the greatest common divisor of 355338 and 54.
18
What is the highest common factor of 25976 and 1719?
191
What is the highest common factor of 8896 and 23872?
64
Calculate the greatest common factor of 1965211 and 47.
47
What is the greatest common divisor of 7803 and 146523?
867
Calculate the greatest common divisor of 518 and 1498.
14
Calculate the highest common divisor of 832823 and 1370.
137
What is the greatest common divisor of 597 and 21094?
199
Calculate the greatest common factor of 36366 and 3249.
57
Calculate the highest common divisor of 767 and 11297.
13
What is the highest common divisor of 28 and 68448?
4
Calculate the greatest common factor of 41857 and 95.
19
What is the highest common factor of 16 and 3568?
16
Calculate the highest common divisor of 1028 and 62.
2
Calculate the greatest common factor of 558293 and 37.
37
What is the highest common factor of 74 and 58?
2
What is the greatest common factor of 122 and 280173?
61
Calculate the highest common factor of 14392 and 98.
14
What is the highest common factor of 12646568 and 176?
88
What is the highest common divisor of 13349 and 35?
7
What is the highest common divisor of 1248945 and 477?
159
Calculate the greatest common divisor of 16 and 9813872.
16
What is the highest common divisor of 10 and 7772?
2
Calculate the greatest common factor of 9 and 7197372.
9
Calculate the highest common divisor of 194 and 4066.
2
What is the highest common factor of 64926 and 36?
18
What is the highest common factor of 4336 and 126286?
542
Calculate the highest common factor of 51898 and 616.
154
Calculate the highest common factor of 14595 and 267297.
417
Calculate the highest common divisor of 331384 and 48.
8
What is the greatest common factor of 6 and 3195?
3
Calculate the highest common divisor of 1085 and 48608.
217
What is the greatest common factor of 2740 and 1570?
10
Calculate the greatest common divisor of 235968 and 4.
4
What is the greatest common factor of 306 and 184280?
34
Calculate the highest common divisor of 108 and 138375.
27
Calculate the greatest common divisor of 38411 and 15689.
541
What is the highest common divisor of 154615 and 321?
107
Calculate the greatest common divisor of 3446848 and 112.
16
Calculate the highest common divisor of 3982 and 3258.
362
What is the greatest common factor of 24 and 150780?
12
Calculate the highest common divisor of 248 and 28458.
62
Calculate the greatest common factor of 252 and 188076.
84
What is the highest common divisor of 82731 and 218?
109
Calculate the highest common divisor of 207 and 253197.
9
What is the highest common factor of 140 and 1160?
20
What is the greatest common factor of 60630 and 1376?
86
What is the greatest common divisor of 4 and 245?
1
What is the highest common factor of 28 and 2860?
4
Calculate the highest common factor of 473 and 6677.
11
What is the greatest common divisor of 5774 and 10?
2
Calculate the highest common divisor of 43355 and 195.
65
Calculate the highest common factor of 24752 and 520.
104
Calculate the highest common divisor of 8 and 66968.
8
Calculate the greatest common divisor of 16 and 986128.
16
What is the highest common divisor of 32329 and 5379?
11
Calculate the highest common divisor of 24 and 676146.
6
What is the highest common divisor of 854440 and 41?
41
Calculate the greatest common factor of 308 and 942634.
154
Calculate the greatest common factor of 155 and 15128.
31
Calculate the greatest common factor of 526 and 583071.
263
Calculate the highest common divisor of 60 and 1920.
60
Calculate the highest common divisor of 60 and 844995.
15
What is the highest common divisor of 23997 and 57?
57
Calculate the highest common divisor of 130 and 1937.
13
Calculate the highest common factor of 307350 and 45.
45
Calculate the highest common divisor of 2462 and 12.
2
Calculate the greatest common factor of 11544 and 4776.
24
What is the highest common divisor of 1947 and 60003?
177
What is the highest common divisor of 67504 and 16?
16
Calculate the highest common factor of 16732 and 16.
4
What is the greatest common divisor of 305350 and 2170?
310
What is the greatest common divisor of 3678 and 432?
6
Calculate the greatest common divisor of 5816186 and 1010.
202
Calculate the greatest common divisor of 42 and 1784895.
21
Calculate the greatest common divisor of 1428 and 1224.
204
Calculate the greatest common divisor of 10 and 34535.
5
Calculate the highest common factor of 116870 and 248.
62
What is the highest common divisor of 18245 and 1195?
5
What is the highest common factor of 258 and 88322?
86
What is the greatest common divisor of 89872 and 1640?
328
What is the highest common divisor of 14 and 89558?
14
What is the highest common divisor of 2067 and 636?
159
Calculate the greatest common divisor of 2856 and 19887.
21
What is the highest common factor of 150 and 45174?
6
What is the highest common factor of 28 and 73717?
7
What is the highest common divisor of 242 and 24805?
121
What is the highest common factor of 197849 and 53?
53
What is the greatest common divisor of 45 and 179045?
5
Calculate the highest common factor of 747 and 39348.
9
Calculate the highest common factor of 8 and 3546.
2
What is the highest common divisor of 316506 and 6902?
986
Calculate the greates